 prime factors of (d/8)/(-23) + 2/8?
2, 3, 11, 13
Let f be 14/(-2)*-1 + -3. Suppose -j + 400 = -f*b - 301, j = -3. Let z = 296 + b. List the prime factors of z.
2, 3, 5
Suppose -9*t = -30 - 69. Let v(h) = 19*h + 42. What are the prime factors of v(t)?
251
Let m = 1005 + -665. Let x(w) = w**2 - w + 18. Let f be x(15). Let k = m - f. List the prime factors of k.
2, 7
Let a = 199 + 1129. Let s = a - 114. List the prime factors of 14/(-77) - s/(-22).
5, 11
Suppose 5*s + h = 50651, -s - 33*h = -31*h - 10141. What are the prime factors of s?
7, 1447
Suppose 6*b = 22 + 170. Suppose 4*z = -y + 108, -3*z + 2*z = -y - b. What are the prime factors of z?
2, 7
Let q(h) = h**3 - 20*h**2 + 32*h + 261. List the prime factors of q(31).
2, 739
Let s(d) = -d**3 + 3*d**2 + 6*d + 6. Let u = 37 - 33. Let c be s(u). Let a(j) = 7*j - 30. List the prime factors of a(c).
2, 17
Let c(f) = -101*f - 2. Let t(s) = -2*s**2 + 16*s + 17. Let z(h) = -6*h - 3. Let j be z(-2). Let b be t(j). What are the prime factors of c(b)?
3, 11
Let l(s) = 12*s**2 + 96. Let i be l(10). Suppose 19*v - 10511 = -i. List the prime factors of v.
5, 97
Let g = 99201 + -67558. List the prime factors of g.
31643
Let q(c) = 6256*c + 1817. List the prime factors of q(9).
7, 19, 23
Let r = 260 + -261. List the prime factors of r/((-5 - -4)/51).
3, 17
Suppose -5*l + 103 = -542. Let k = -147 + l. Let w = 19 - k. What are the prime factors of w?
37
Let t(b) = -7*b**3 - 17*b**2 - 140*b + 5. What are the prime factors of t(-14)?
3, 19, 313
Suppose 3737*n = 3539*n + 10549242. List the prime factors of n.
53279
Suppose -4*r - y + 12 = 0, -2*y - 4 = r - 14. Suppose -r*g = -10*g + 24. Suppose 2*z - 204 = g*d, 0 = -3*d + 7*d. List the prime factors of z.
2, 3, 17
Let o(r) = r - 142. Let y = -58 + 53. Let d(q) = -141. Let c(w) = y*d(w) + 4*o(w). What are the prime factors of c(0)?
137
Suppose 8*g - 9*g + 1 = 0. Suppose 3*a = 1178 + 646. List the prime factors of (g/2)/(8/a).
2, 19
Let c(g) = -2179*g**3 - 3*g**2 - 2*g + 1. Let m be c(-1). Let s = -1421 + m. What are the prime factors of s?
2, 379
What are the prime factors of 2803/(2 + 12/(-54) + 49/(-63))?
2803
Suppose -30*l = -35*l + 35. Suppose 3*h = -2*s + 20, 3*s = -5*h + l + 25. Suppose -i + 99 = -s*b, 0 = -5*i - 5*b + 246 + 199. List the prime factors of i.
7, 13
Let d(c) = 15*c + 48. Let a be d(19). Suppose -l - r + 34 = -48, 4*l - a = -3*r. What are the prime factors of l?
3, 29
Suppose -151*b + 1191166 = 326238. What are the prime factors of b?
2, 179
Let v = 89 + -80. Suppose -1 - v = 2*i, z - 3*i = 13. List the prime factors of 9/(-6) - 514*z/8.
127
Let x = 8333 + -5928. Suppose 0*k = 5*i + 5*k - x, 0 = -k. List the prime factors of i.
13, 37
Let d be (-56)/(-12)*21/2. Suppose -14 = -7*j - d. What are the prime factors of 201*(-2 - 2 - j)?
3, 67
Suppose -5*s + 6337 = 3*w, 145*w - 5*s = 143*w + 4283. What are the prime factors of w?
2, 3, 59
Suppose 0 = 2*m - 2*o - 3248, 0 = -o - 3 + 5. Let p = -618 + m. What are the prime factors of p?
2, 3, 7
Suppose 9*q - 50 = -q. Suppose -3*y = -9, q*p - 73 = -4*y - 1. Suppose 0 = p*d + 949 - 2593. List the prime factors of d.
137
Suppose 9*k = 31*k - 75262. What are the prime factors of k?
11, 311
Let s be (-5 - -1)*(15/(-5))/(-12). Let j be ((-7 - s) + 0)/(9/12). List the prime factors of j/6*-46 - (-4)/(-12).
61
Let u(w) = -w**3 - 3*w**2 - 19*w + 20. Let l be u(-9). Suppose -1931 + l = -3*m. What are the prime factors of m?
2, 11, 19
Let t(q) = 1128*q - 3. Let s be t(-6). What are the prime factors of 7/(-84) - s/36?
2, 47
Let t = -25047 + 37413. List the prime factors of t.
2, 3, 229
Let s(a) = 4*a**3 + 8*a**2 - 237*a - 6. What are the prime factors of s(11)?
13, 283
Let l(c) = c**2 + 27*c + 59. Let k be l(-25). Suppose 6*s + 624 = k*s. List the prime factors of s.
2, 13
What are the prime factors of (-189)/21 - -23 - -37175?
37189
Suppose -4252833 = -198*l + 2555992 + 3624587. What are the prime factors of l?
2, 26347
Suppose 0 = -5*s + h + 918, 3*h = s - 105 - 73. Let i(z) = -3*z**2 + 5*z + 10. Let w be i(-5). Let r = s + w. What are the prime factors of r?
2, 47
Suppose 2*l + 13074 = 4*t, -3*t + l = -0*t - 9807. What are the prime factors of t?
2, 3, 5, 109
Suppose 15*s - 9*s = 30. Let x(j) = 2*j**3 - j**2 + 6*j + 7. List the prime factors of x(s).
2, 131
Suppose -16590 - 37835 = -5*b - 2495. What are the prime factors of b?
2, 3, 577
Suppose -2*w + 5*w = 6. Let j be (-273)/(-3) + (-1)/2*w. Suppose -q = -249 + j. What are the prime factors of q?
3, 53
Let d(r) = 6*r - 138. Let i(h) = 5*h - 138. Let u(v) = 4*d(v) - 5*i(v). List the prime factors of u(0).
2, 3, 23
Suppose 6*k = 2*k - 40. Let a be k/(-75) - 416/(-30). Let x = 65 - a. What are the prime factors of x?
3, 17
What are the prime factors of -36 - -40 - 567777/(-51) - 4/(-34)?
7, 37, 43
Let w = 504 - 498. List the prime factors of (w + -962)*(-2)/8.
239
Let c(x) = -2*x**3 - 19*x**2 + 9*x - 8. Let t be c(-10). Suppose u + t*u - 30 = 0. List the prime factors of 11 - u/((-5)/1).
13
Let x(q) = -15*q**2 + 4*q + 12. Let a be x(6). Let l be 3 + 12/7*a/(-9). Suppose -3*s + l = -171. What are the prime factors of s?
2, 3, 5
Let r = -2523 - -4767. What are the prime factors of r?
2, 3, 11, 17
Suppose 2*c = 6*w - w + 1982, -1979 = 5*w + c. Let k = w + 798. What are the prime factors of k?
2, 3, 67
What are the prime factors of -87*(-5 + 1515/(-45))?
2, 29
Let u(x) be the first derivative of -x**4/4 + 14*x**3/3 - x**2 + 12*x + 37. What are the prime factors of u(9)?
3, 7, 19
What are the prime factors of 10*((-3)/(-18) + 7454/6 + -10)?
5, 17, 29
Suppose -2*s - 6 = 4*d - 8, d - 1 = -s. Suppose d = -7*i - 1744 + 8968. List the prime factors of i.
2, 3, 43
Let i be 4*6/48*28. What are the prime factors of 0 + -1 - (-604 - i)?
617
Let n = -10 + -17. Suppose -3*v + 5*w = 35, 3*v - 4*w = -24 - 7. Let j = v - n. List the prime factors of j.
2, 11
Suppose 19407 + 16467 = 11*d - 9897. What are the prime factors of d?
3, 19, 73
Suppose -321*a + 317*a = -s - 126077, a + 4*s - 31498 = 0. What are the prime factors of a?
2, 3, 17, 103
Let a = 9612 + -2053. What are the prime factors of a?
7559
Let t be (-3 - -7)*(-488)/(-16). What are the prime factors of (6 + 88/(-16))*t*2?
2, 61
Suppose 36782 = -3*u + 8*u - 3*f, 0 = -2*u - 3*f + 14738. What are the prime factors of u?
2, 5, 23
Suppose -3*f = -2*p - 168140 + 50590, -39170 = -f - 2*p. What are the prime factors of f?
2, 3, 5, 653
Let s = -2192 - -6390. What are the prime factors of s?
2, 2099
Suppose 0 = 2*p - 5*p - 117. Let d = -100 - p. Let o = d - -200. List the prime factors of o.
139
Let x = -69 + 73. Suppose -x*s + 4*l = -720, 2*s - 6*s - l + 695 = 0. List the prime factors of s.
5, 7
Suppose -3*u = -0*u - 2*t + 353, -3*t = 6. Suppose -9*m = -4*m + 2*w + 220, -3*w = 5*m + 215. Let c = m - u. What are the prime factors of c?
73
Suppose 4*y - 62698 = -5*a, -a - 66*y + 12534 = -68*y. What are the prime factors of a?
2, 6269
Let t = -50 + 54. Suppose 20 = t*h + y - 0*y, -16 = -5*h + y. Let c(w) = 2*w**3 + 5*w**2 - 2*w + 2. List the prime factors of c(h).
2, 101
Let f(h) = -322*h + 452. What are the prime factors of f(-10)?
2, 3, 17
Let j(t) = -33*t**3 + 8*t**2 - 92*t - 29. What are the prime factors of j(-10)?
113, 307
Let j = -5337 - -9061. What are the prime factors of j?
2, 7, 19
Let l be (-3 - 0)*(-364)/(-21). List the prime factors of (-3277)/(-6) - l/(-312).
2, 3, 7, 13
Let p = -67 - -132. Suppose p = -12*x + 17*x. List the prime factors of 2*(6 - 4)*x.
2, 13
Suppose 0 = 11*c - 109 - 1. List the prime factors of 14988/63 - c/(-105).
2, 7, 17
Suppose 66409 + 94027 = 5*m + 33*m. What are the prime factors of m?
2, 2111
Let q = 1698 + -1695. Suppose -6 = 3*b + 2*v, -5*b + 9 = -v - 2*v. Suppose -q*u + 108 + 78 = b. List the prime factors of u.
2, 31
Let l(c) = 5 + 3 + 0 + 2 - 94*c. What are the prime factors of l(-6)?
2, 7, 41
Suppose -3*p = 3 - 21. Suppose i + a = p*a + 269, -i - 4*a = -278. What are the prime factors of i?
2, 137
Suppose 4*t = z + 485, -491 = -9*t + 5*t - z. Let d be (-14 - -13) + 0 + t. What are the prime factors of d - 7 - 8/2?
2, 5, 11
Let s = -32863 - -47307. What are the prime factors of s?
2, 23, 157
List the prime factors of -5 - 1 - ((-390330)/12 + (-6)/(-4)).
2, 3, 5, 271
Suppose 15*d - 7